e 2/(-6) - f/(-6). Suppose -s + 20 = -3*w. Is w a prime number?
True
Let c(g) be the third derivative of 0*g + 0 + 1/3*g**4 - 1/60*g**5 - g**2 + 0*g**3. Is c(7) composite?
False
Suppose s - 4*k = -8, -k = -2*s - 3 + 1. Suppose 2*t + 0*q + q - 634 = s, -4*t + 2*q = -1276. Suppose -2*c = c - t. Is c prime?
False
Let n = 20 - 12. Let j(s) = -n*s + 4 - 3 - 4. Is j(-7) prime?
True
Let i = 1 + 29. Let g = i + 29. Is g a composite number?
False
Suppose 0 = -5*y - 3*b - 1265, -2*y - y = 5*b + 759. Let o = -170 - y. Is o composite?
False
Let w(d) = -10*d + 4. Let f be w(5). Let j(l) = -4*l**3 - l**2 - 2*l + 6. Let m be j(-3). Let s = m + f. Is s prime?
False
Let l = -110 - -238. Let a = l - -59. Is a composite?
True
Let g(c) = -c**2 - 11*c - 5. Let r be g(-9). Let i = r + 24. Is i prime?
True
Is 38/(-3)*(-15)/10 a prime number?
True
Suppose 17*l - 7*l = 13150. Is l a composite number?
True
Let g be (4/(-6))/(2/33). Let h = g - -15. Suppose 21 = -j + h*j. Is j a composite number?
False
Let t(b) = -b**2 - 6*b + 7. Let d be t(-7). Let l = d - 0. Is (-2 - (-4 - l)) + 1 prime?
True
Let h = 6 + -4. Let j = h - 0. Suppose j*i = 3*s + 13, -7*s + 48 = 3*i - 2*s. Is i composite?
False
Let n(o) = 4*o**2 - 6*o + 7. Suppose c - 18 = -2*c. Is n(c) composite?
True
Suppose 0 = -4*u - 12110 + 74438. Is u/35 + (-2)/10 a prime number?
False
Let l(j) be the first derivative of -j**3/3 + 2*j**2 - 2*j + 2. Let g be l(3). Let f = g - -6. Is f a prime number?
True
Let z(m) = 3*m**2 + m - 5. Is z(3) a prime number?
False
Let s be ((-315)/20)/((-1)/(-4)). Let r(u) = -21*u + 1. Let h be r(-5). Let v = s + h. Is v composite?
False
Let o(y) = 3*y + y**2 - 5*y + 2 + 0*y**2. Let m be o(3). Suppose 87 = -m*s + 482. Is s composite?
False
Let z = 1421 - 555. Is z a composite number?
True
Let f = 427 + -210. Is f a composite number?
True
Let n(a) = a**2 - 5*a - 1. Suppose 5*v + 2*k + 42 = 0, -v - 2*k + 58 = -6*v. Is n(v) a prime number?
True
Let l be ((-74)/(-3))/((-2)/3). Let i = l + 111. Is i a prime number?
False
Let f be ((-2)/(-7) + -2)*7. Let t = f - -6. Let u(v) = -4*v - 2. Is u(t) a prime number?
False
Let l = 10 + -2. Let x = l + -6. Suppose x*v + 124 = 4*u + 2, 185 = 5*u + 4*v. Is u a composite number?
True
Let l(t) = 256*t**2 + 2*t + 1. Let v(w) be the first derivative of -w - 2. Let y(x) = l(x) + 2*v(x). Is y(1) prime?
True
Suppose s - 241 = 2*o - 7*o, -4*o = -s + 205. Is s prime?
False
Suppose 744 - 111 = 3*f. Is f a composite number?
False
Suppose -3*y = -2*y - 743. Is y a composite number?
False
Suppose -25 = -5*p, -3*l + 6*p = 3*p + 21. Let n = 2 + -1. Is n/l + 43/2 composite?
True
Suppose -l - 3 = q, -q - 1 = -0*q - l. Let x = q + 18. Let u = -5 + x. Is u composite?
False
Suppose -2*x - 2924 = -6*x. Is x a composite number?
True
Let x = 113 + 30. Is x a prime number?
False
Suppose -5*q + 30 = 5*f, 3*q - 5*f + 5 = -1. Let x(h) = -1 - 4*h + h**2 + 2*h**2 + 0*h**2. Is x(q) composite?
True
Suppose 4*b - 222 = -t + 9*b, 2*t + b - 389 = 0. Let d = t + -104. Is d prime?
False
Let r = 2 - -1. Suppose r*s = s + 124. Is s a composite number?
True
Suppose -2*q = -q + 5, -4*q + 45 = 5*o. Suppose 3*n - 2*i - 21 = -9, o = -n - 5*i. Suppose 3*s - 9 = 0, n*z - 93 - 42 = s. Is z composite?
True
Let q(k) = -9*k**2 + 9 + 27*k**2 - 2. Is q(6) composite?
True
Let j be (-117)/(-36) - 2/8. Suppose -j*l + 322 = -l. Is l prime?
False
Suppose 0 = -w - 0*p - 3*p - 5, 0 = 5*p + 15. Suppose 5*k + w*r - 1663 = 0, k + 0*r = 5*r + 350. Is k a composite number?
True
Let a = 11 + 38. Is a a composite number?
True
Suppose 0 = -3*x + 6*x - 471. Is x a composite number?
False
Let b = -2 - 2. Let r(a) = -36*a - 1. Is r(b) a composite number?
True
Is 10850/22 - 20/110 a composite number?
True
Let c = 0 + 0. Suppose -2*q = -c*q - 298. Is q prime?
True
Suppose 160 = -3*h + 5*h. Let v = h + 9. Is v prime?
True
Let c(g) = -g**3 - 8*g**2 - 2*g - 3. Let b(x) = -x**3 + 6*x**2 + 5*x + 6. Let v be b(7). Is c(v) composite?
False
Suppose -4*f - 8 = 5*l + 6, 2*l - 22 = 3*f. Is 4/6 + (-128)/f a composite number?
True
Let q be 293/4 + 2/(-8). Let x = -30 + q. Is x prime?
True
Let h(w) be the second derivative of -w**5/10 - 5*w**4/12 - w**3/6 - 3*w**2/2 - 5*w. Is h(-5) a prime number?
True
Let c be -107 + 1 - 12/(-6). Let h = c + 181. Is h composite?
True
Suppose 163 = j + 2. Is j a prime number?
False
Suppose j = -4*j - 5*k + 40, -3*j + 22 = k. Let m(y) = -y - y - y**2 - j*y + 11. Is m(-8) a prime number?
True
Suppose 5*l + 5*y = 1115, -y + 892 = 4*l - 5*y. Is l a prime number?
True
Let m(b) = -44*b + 3. Suppose 16 = 4*g + 4. Suppose g*d - t = -13, -3*t = d - 2*d + 1. Is m(d) prime?
True
Let j(p) = p + 8. Let m be j(-4). Suppose -m = -g - 0*g. Suppose 4*v - 2*v = g*b - 80, 3*b = -2*v + 53. Is b composite?
False
Let u be ((-2)/6)/(3/9). Let s = 2 - u. Is 127 - (s/3 + -1) a prime number?
True
Let j be (-34)/(-10) - (-2)/(-5). Suppose 0 = 2*h + h + 5*q - 558, 0 = h - j*q - 200. Is h a composite number?
False
Let f = -359 + 514. Is f composite?
True
Suppose 0 = -3*f + 9, -i - i = -4*f - 818. Suppose -3*w = v - i, 6*v = 2*v + 4*w + 1596. Is v prime?
False
Suppose 0 = 11*n - 9*n - 3130. Is n composite?
True
Suppose 5*l + 2 = 2*p, 4*l = 2*l - 3*p - 16. Is (623/14)/(l/(-4)) composite?
False
Let x(g) = g**3 - 2*g**2 + 4*g - 3. Let a be x(2). Suppose 9*d - 76 = a*d. Is d composite?
False
Suppose 825 = 5*j + 5*p, 4*j + 499 = 7*j + 4*p. Is j prime?
False
Suppose 187 = 4*v - 145. Is v a composite number?
False
Let t = 199 + -134. Is t a composite number?
True
Let j(y) = -y**3 + 6*y**2 + 2*y - 5. Let u(k) = k**2 + k. Let l be u(1). Let i be (-155)/(-25) - l/10. Is j(i) a composite number?
False
Suppose -3*z - 2*k = -0*z - 13, -2 = 3*z - k. Let d(x) = -x. Let u(n) = -4*n. Let f(g) = z*u(g) + 3*d(g). Is f(-11) a prime number?
False
Suppose 2*l = -4*t + 500, -595 = 2*t - 7*t + 5*l. Is t prime?
False
Let c(f) = -5 + 9*f + 0 - 1. Is c(5) prime?
False
Suppose 3*t - 8*t - 35 = 3*q, -2*t + 12 = -4*q. Is (-2)/t - 433/(-2) composite?
True
Let a(b) = -b**2 - 7*b - 5. Let w be a(-4). Is (w + -8)*237/(-1) composite?
True
Suppose -359 + 2424 = 5*s. Is s prime?
False
Suppose -4*h = 3*p - 0*p - 586, 4*h + 222 = p. Let v = p + -83. Is v composite?
True
Suppose 0 = 3*j - 4*m + 1238, 4 + 411 = -j - m. Let s = j + 599. Is s a prime number?
False
Let q = -292 + 503. Is q prime?
True
Suppose 10*i = 5*i + 1865. Suppose -5*p + i = -182. Is p a prime number?
False
Suppose 4*u + m = 0, 0*u + u - 5*m + 21 = 0. Is (-10 + -255)/(1*u) composite?
True
Let z be 2092/(-8)*-1*2. Suppose 5*n - 829 = -5*c + 471, -c + z = 2*n. Is n composite?
False
Let b = 1 - 1. Suppose c = -b*c - 5*a + 274, -2*a = 3*c - 770. Is c a composite number?
True
Let v be 22/(-33)*(-42)/4. Let f(y) = 11*y**2 - 6*y - 10. Is f(v) prime?
True
Let n(c) = -54*c - 3. Suppose -4*k + 0 = 12. Is n(k) a prime number?
False
Suppose -9*b + 150 = -4*b. Suppose b = -a + 79. Is a a prime number?
False
Let k be -1*-9*2 - -2. Let n = -1173 - -1841. Is n/k + 4/(-10) composite?
True
Let y = 8 - 14. Is ((-262)/(-6))/(y/(-18)) prime?
True
Suppose 5*c - 59 - 16 = 0. Let y = c - -74. Is y a composite number?
False
Let c(r) = -6*r**2 + 8*r + 2. Let y(z) = 5*z**2 - 7*z - 1. Let l(w) = -4*c(w) - 5*y(w). Let j be l(3). Is (99/j)/(2/(-2)) composite?
True
Suppose 4*b - 10 - 15 = -3*t, -4*t + 2*b = -4. Suppose 0 = 3*s + 3*j - 18, -s = -3*s - j + 11. Suppose s*n + 0*n - 2*l = 124, -9 = -t*l. Is n prime?
False
Let j = -1187 + 1708. Is j a prime number?
True
Let w = 7 + -4. Suppose 2*y = -w*y. Suppose y = z - 4*z + 45. Is z prime?
False
Let c = -150 + 351. Let f be -122 + -1 - 2/(-2). Let l = f + c. Is l a prime number?
True
Let l(t) = -t**3 - 11*t**2 - 5*t + 10. Is l(-11) a composite number?
True
Let o = 424 - 15. Is o a prime number?
True
Suppose -q + 12 = 2*q. Suppose -23 = -5*g + v, -2*g + q*v + 4 = -16. Is (-6)/g*498/(-9) a composite number?
False
Let n = 5091 + -3610. Is n prime?
True
Let h(j) = j + 7. Let m be h(-7). Suppose -c + 2*c + 14 = m. Let f = c + 25. Is f composite?
False
Suppose -d - l = -0*l - 381, 4*l = 4*d - 1516. Suppose d = n + 3*g - 41, 4*g + 1652 = 4*n. Suppose 0*x - n = -5*x. Is x a prime number?
True
Let i(a) = -3*a**3 - a**2 + 2*a + 3. Is i(-3) composite?
True
Suppose 0 = 5*x - 566 - 139. Is x co